14/(-7))/(4/(-6)). Suppose 0 = -x - 4*z - 2, 3*x - n = -3*z - 0. Suppose -108 = -x*p + 14. What is the units digit of p?
1
Let z = 725 + -1438. Let l = z - -1204. What is the units digit of l?
1
Let o(j) = -j**3 - 12*j**2 - j - 9. Let q be o(-12). Suppose -3*u - 33 = -4*n, 3*u + 3 = 2*n - q*n. What is the units digit of 2*(2/n - 119/(-3))?
0
Let n(q) = 2*q**3 + 6*q**2 + 81*q + 57. What is the tens digit of n(15)?
7
Let v be (-45)/(-24 - -15) - (607 + -1). Let x = v + 702. What is the hundreds digit of x?
1
Let a be 3 + (-4 - (-1455)/(-5)). Let o = 421 + a. Suppose 4*y - 3 = o. What is the units digit of y?
3
Let y = 112 + -110. Suppose 2*s + 2*s - 24770 = y*v, 3*s - 5*v = 18595. What is the tens digit of s/30 + 2/3?
0
Let g be (-4)/(-2)*(4 + -3). Suppose -g*t + 15 = m, 84 = -0*m + 4*m - 4*t. Suppose 0 = -j - 4*z + 134, 0 = -j + 5*z + 70 + m. What is the tens digit of j?
1
Let b(j) = -704*j + 435. What is the units digit of b(-17)?
3
Suppose 3*i - 58 = -166. Let o be ((-2)/(-12) - -2*122/120)*15. Let c = o - i. What is the units digit of c?
9
Let v be (-28)/(-15) + (-4)/(-30) - 0. Suppose 0 = 4*u - v*c - 110, u = -u - 2*c + 64. Suppose u*w - 36*w + 1659 = 0. What is the hundreds digit of w?
2
Let n(y) = 5 - 11 - y + 29. Let p be n(27). What is the units digit of (4/((-16)/(-28)))/((-1)/p)?
8
Suppose -4*q + 266850 = 13*b, -2*q - 4*b = -134841 + 1421. What is the units digit of q?
6
Suppose 3*k + 1 - 16 = 0. Suppose -k = -5*o, -o = 5*n + 3*o - 94. Let q(u) = u + 8. What is the units digit of q(n)?
6
Let w be (96/(-84))/(1/(-7)). Let k be (2 - 0) + (-96)/w. Let x(f) = -f**2 - 11*f + 5. What is the units digit of x(k)?
5
Suppose -n - 16 = -5*s + 2*n, -2*s = 5*n - 25. Suppose 0 = s*a - 2*w - 54, 0 = -2*w - 4. Suppose 0 = -2*j + 132 + a. What is the tens digit of j?
7
What is the tens digit of ((-245)/(-140))/((-2398)/600 + 4)?
2
Suppose 3*l + 1 - 6 = 2*s, 3*l - 1 = 4*s. Suppose -s*n - k = -325, 0*n = -5*n + 3*k + 796. What is the hundreds digit of n?
1
Let y = 3960 - 1638. Suppose -4*h - 8*g = -3*g - 4696, -2*h + y = -4*g. What is the hundreds digit of h?
1
Let w(y) = y**2 - 26*y - 84. Let u be w(29). Suppose -2*z + 1814 = -3*n + 4*n, 0 = -z - u*n + 917. What is the tens digit of z?
0
What is the tens digit of 18*(-1)/(-4)*(-37658)/(-171)?
9
Let a = 10 - 91. Let m = a + 85. Suppose -m*x - 12 = 0, -5*x + 258 = 3*n - 174. What is the units digit of n?
9
Suppose -5282 = -5*k + 3*g, -5*k + 2*k = -10*g - 3202. What is the tens digit of k?
5
What is the thousands digit of -15 + 16 - 173468/(-17)?
0
Suppose -4*c - 7725 = -9*c. Suppose 12*x = -3*x + c. Let t = x + -18. What is the tens digit of t?
8
Let x(k) = k**3 + k**2 - k. Let i(q) = -3*q**3 - 19*q**2 - 3*q - 65. Let d(b) = i(b) + 2*x(b). What is the tens digit of d(-19)?
5
Let h be 1/((-35)/14)*-10. Let j = h - -265. What is the hundreds digit of j?
2
Let r = -8975 + 13320. What is the units digit of r?
5
Let r(k) = -2*k**2 - 5*k - 2. Let b be r(-2). What is the hundreds digit of (-3 + (-41)/3)*(-33 - b)?
5
What is the units digit of 17 + 3/(-9)*-45321?
4
What is the ten thousands digit of 5/(8 + (-598269)/74788)?
1
Let m = -24 + 0. What is the tens digit of ((-2)/4)/(m/4320)?
9
Let q = 120 - 109. Suppose 527 = 3*g - 2*d, q*d + 181 = g + 9*d. What is the tens digit of g?
7
Suppose -3*v + 792 = 6*v. What is the hundreds digit of (-7)/(77/2) - (-29496)/v?
3
Let x = -29 + -16. Let y = x + 285. Suppose j - y = -j. What is the tens digit of j?
2
Let j = -601 + 1144. Suppose -5*g + 517 + j = 0. What is the hundreds digit of g?
2
Let z be (-18)/(-117) - (-37)/13. Suppose -z*r = 3*g - 441, 0 = 5*g + 43 - 18. Let q = r + -106. What is the units digit of q?
6
Let k = -7 + 39. Suppose -k*x = -24*x - 40. Suppose -v + 5 = -j - 12, -5*v - x*j = -85. What is the units digit of v?
7
Suppose 30022*j - 609252 = 30008*j. What is the units digit of j?
8
Let r(j) be the first derivative of j**4/4 + 6*j**3 - 41*j**2/2 + 39*j - 59. What is the tens digit of r(-20)?
5
Let y(s) be the first derivative of s**3/3 - 2*s**2 + 24*s + 35. What is the hundreds digit of y(14)?
1
Suppose -21*s = -24*s. Let o be 10 - -60 - (-2 - -2 - 2). Suppose s = 70*l - o*l + 72. What is the tens digit of l?
3
Let x = 130 + -131. Let w(o) = 1094*o**2 + 10*o + 9. What is the hundreds digit of w(x)?
0
Suppose 13*o - 3*d + 19701 = 16*o, 0 = -5*o + d + 32793. What is the units digit of o?
0
Let u(f) = 20*f + 17. Let d be u(3). Let h = 347 - d. What is the tens digit of h?
7
Let x(f) = f**3 - 5*f**2 + f + 8. Let d = -49 - -55. Let q be x(d). Let s = 0 + q. What is the units digit of s?
0
Let x(t) = -t**3 - t**2 + t. Let z(g) = -3*g**3 - 5*g**2 + 3*g - 213. Let b(m) = 4*x(m) - z(m). Let o = -3559 - -3559. What is the tens digit of b(o)?
1
Let g(k) = 471*k**2 - 463*k - 3175. What is the ten thousands digit of g(-7)?
2
Let g(r) = -r**2 + 8*r - 4. Suppose 5*x - m + 40 = 4*m, -4*x + m - 26 = 0. Let o be g(x). Let a = -50 - o. What is the units digit of a?
8
Let b be (-6)/(-4)*-8*(-111)/36. What is the units digit of b + (-18)/(-30) + (-54)/15?
4
Suppose -83*i + 141*i = -274*i + 5337564. What is the tens digit of i?
7
Suppose -5*l = -k - 574 - 1614, -5*k - 15 = 0. What is the tens digit of l?
3
Let u = -20 - -26. Let y be ((34 - -5) + -3)*38/u. Let l = -121 + y. What is the hundreds digit of l?
1
Suppose -4*v + 13*v = 27900. Suppose -4*q + 11050 - v = 5*o, 5*o = 3*q + 7985. What is the thousands digit of o?
1
Suppose -2*m = -b - 916, -4*m - 2*m = 2*b - 2778. What is the tens digit of m?
6
Let y = 655 + -674. Let z(m) = -56*m + 56. What is the units digit of z(y)?
0
Suppose -185 = -9*u + 285 - 2. What is the tens digit of u?
5
Let u(y) = 3*y + 7 + 2*y + 67*y**2 + 2*y - 6*y + 5. What is the thousands digit of u(-4)?
1
Let k(x) = 2*x**3 + 13*x**2 - 10*x - 113. Let n be k(-5). Suppose 17 = 2*p + 5*j + 288, -163 = p - 3*j. Let u = n - p. What is the units digit of u?
0
Suppose -2*c - 8 = -4*t, 5 = -2*t - 2*c + 21. Suppose 50 = t*d - 178. What is the tens digit of d?
5
Suppose 97*l = 115*l - 154404. What is the tens digit of l?
7
Let c(f) = -6*f + 133 + 24*f - 43 + 3*f. What is the hundreds digit of c(16)?
4
Let i = 3105 + -2121. Suppose m - 4*m + p + 751 = 0, -4*m - 3*p = -i. What is the units digit of m?
9
Let g(p) = -6*p + 2. Let d be g(-9). Let v = d + -60. What is the units digit of (0*(-2)/v)/(-1) + 10?
0
Let u = 30758 + -12487. What is the thousands digit of u?
8
Let f be (8/(-18))/(92/(-414)). What is the tens digit of 1235 + 50 - 2/(f/(-5))?
9
Suppose -266 - 74 = -5*q. Suppose -5*r - 238 + q = 0. What is the units digit of (-2 - r) + -3 - -4?
3
Let y be 16/12*(-138)/4. What is the tens digit of y/(-253) + (-1)/(11/(-174))?
1
Suppose 0 = 6663*a - 6686*a + 1249912. What is the thousands digit of a?
4
Let i = -23292 + 43599. What is the thousands digit of i?
0
What is the units digit of -7 - ((-4)/22 - 1638018/198)?
6
Let l(u) be the second derivative of u**3/6 + 7*u**2/2 - 13*u. Let r be l(-5). Suppose -2*s + 43 = 3*n, 0*n = n + r*s - 13. What is the tens digit of n?
1
What is the hundreds digit of -6*((-10)/(-2) - (-201687)/(-414))?
8
Let i = 1365 + 2190. What is the tens digit of i?
5
Let q(r) = -r**3 - 14*r**2 - 3*r - 38. Let g(t) = -7*t**2 - 2*t - 20. Let o(c) = 5*g(c) - 3*q(c). What is the units digit of o(5)?
9
What is the hundreds digit of ((-144)/45)/((-20)/8650)?
3
Let c be ((-199)/(-2))/((-3)/6). Let n = 2240 - 2580. Let q = c - n. What is the units digit of q?
1
Suppose -2*f + 7*c = 6*c - 1084, 5*c - 1060 = -2*f. Suppose f = v - 4*p, 2*v + v - p - 1631 = 0. Suppose -5*r + r = -v. What is the tens digit of r?
3
Let z = 1027 + -1037. What is the hundreds digit of ((-156)/9 + 6)/(z/975)?
1
What is the hundreds digit of 34548/(-16)*(1 + 1)*(-4600)/690?
7
Let i be (2/3)/((-26)/(-1404)). Suppose i*w + 334 = 37*w. What is the hundreds digit of w?
3
Let r(v) = 6*v**3 + 6*v**2 - 34*v + 14. Let c(s) = 2*s**2 - 9*s - 12. Let p be c(6). What is the tens digit of r(p)?
2
Suppose -r + 200 = l - 42, 3*r - 2*l = 751. Suppose r + 100 = c. What is the tens digit of c?
4
Let a be (-1)/(-4) - 1*(-118)/8. Let p = -13 + a. Suppose 3*w + 2*m - 291 = 0, -p*w = -0*w + 2*m - 192. What is the units digit of w?
9
Let h(d) = d**2 - 7*d + 21. Let u be h(0). Suppose -u = -4*